{"id":115,"date":"2023-03-25T15:04:34","date_gmt":"2023-03-25T14:04:34","guid":{"rendered":"https:\/\/elis-coaching.com\/?page_id=115"},"modified":"2023-09-29T09:00:18","modified_gmt":"2023-09-29T07:00:18","slug":"qui-suis-je","status":"publish","type":"page","link":"https:\/\/elis-coaching.com\/?page_id=115","title":{"rendered":"Qui suis-je ?"},"content":{"rendered":"<p>[et_pb_section fb_built=&#8221;1&#8243; _builder_version=&#8221;4.17.0&#8243; _module_preset=&#8221;default&#8221; custom_padding=&#8221;15px||15px||true|false&#8221; bottom_divider_height=&#8221;60px&#8221; bottom_divider_flip=&#8221;horizontal&#8221; global_colors_info=&#8221;{}&#8221;][et_pb_row column_structure=&#8221;1_3,2_3&#8243; make_equal=&#8221;on&#8221; _builder_version=&#8221;4.17.0&#8243; _module_preset=&#8221;default&#8221; width=&#8221;100%&#8221; width_tablet=&#8221;100%&#8221; width_phone=&#8221;95%&#8221; width_last_edited=&#8221;on|phone&#8221; global_colors_info=&#8221;{}&#8221;][et_pb_column type=&#8221;1_3&#8243; _builder_version=&#8221;4.17.0&#8243; _module_preset=&#8221;default&#8221; background_image=&#8221;http:\/\/elis-coaching.com\/wp-content\/uploads\/2023\/03\/elis.jpg&#8221; background_position=&#8221;top_center&#8221; border_radii=&#8221;on|30px|30px|30px|30px&#8221; box_shadow_style=&#8221;preset1&#8243; global_colors_info=&#8221;{}&#8221;][et_pb_text disabled_on=&#8221;off|off|on&#8221; _builder_version=&#8221;4.17.0&#8243; _module_preset=&#8221;default&#8221; custom_margin=&#8221;400px||400px||true|false&#8221; global_colors_info=&#8221;{}&#8221;][\/et_pb_text][\/et_pb_column][et_pb_column type=&#8221;2_3&#8243; _builder_version=&#8221;4.17.0&#8243; _module_preset=&#8221;default&#8221; global_colors_info=&#8221;{}&#8221;][et_pb_text _builder_version=&#8221;4.17.0&#8243; _module_preset=&#8221;default&#8221; text_font=&#8221;Montserrat|700|||||||&#8221; text_text_color=&#8221;#303944&#8243; text_font_size=&#8221;29px&#8221; custom_margin=&#8221;||21px|||&#8221; global_colors_info=&#8221;{}&#8221;]<\/p>\n<p>Qui suis-je ?<\/p>\n<p>[\/et_pb_text][et_pb_text _builder_version=&#8221;4.17.0&#8243; _module_preset=&#8221;default&#8221; text_font=&#8221;Montserrat||||||||&#8221; text_text_color=&#8221;#000000&#8243; text_font_size=&#8221;16px&#8221; link_font=&#8221;||||on||||&#8221; link_text_color=&#8221;#303944&#8243; custom_margin=&#8221;||0px||false|false&#8221; text_font_size_tablet=&#8221;16px&#8221; text_font_size_phone=&#8221;15px&#8221; text_font_size_last_edited=&#8221;on|phone&#8221; global_colors_info=&#8221;{}&#8221;]<\/p>\n<p>Issue d\u2019un Master en Gestion des Risques sur France (Bretagne) et de nombreuses exp\u00e9riences sportives internationales : championnats de monde d\u2019aviron de mer 2019 (Finale A), 5e au g\u00e9n\u00e9ral en solo de mer aux championnats de France 2023. \u00c9preuve longue distance 160 kms \u00e0 la rame contre le cancer du sein sur le lac L\u00e9man en 2021.<\/p>\n<p>Parlant fran\u00e7ais, anglais et espagnol, j\u2019ai choisi d\u2019associer <strong>performance physique, nutrition, posturologie &amp; bien-\u00eatre <\/strong>en devenant pr\u00e9parateur physique sur de nombreuses disciplines sportives (aviron, ski, course \u00e0 pied, natation, tennis, etc).<\/p>\n<p>Form\u00e9e et certifi\u00e9e par <a href=\"https:\/\/pt-coaching-academy.ch\/\">PT Coaching Academy<\/a>* en Janvier 2023 comme Personal Trainer (sp\u00e9cialit\u00e9 Endurance et Micronutrition), en tant que comp\u00e9titrice sportive active je suis l\u00e0 pour vous proposer une planification sur mesure (semaine, mois, saison).<\/p>\n<p>*leader suisse aux labels de qualit\u00e9 Eduqua et EREPS<\/p>\n<p>Mon but est de vous apporter les <strong>meilleurs ingr\u00e9dients<\/strong> pour vous aider \u00e0 atteindre vos objectifs tout en travaillant sur 5 qualit\u00e9s physiques : endurance, force, vitesse, souplesse et coordination.<\/p>\n<p>En bref, mes mots-cl\u00e9s en tant que coach :<\/p>\n<p>[\/et_pb_text][et_pb_image src=&#8221;http:\/\/elis-coaching.com\/wp-content\/uploads\/2023\/04\/brush33.png&#8221; _builder_version=&#8221;4.17.0&#8243; _module_preset=&#8221;default&#8221; width=&#8221;100%&#8221; module_alignment=&#8221;center&#8221; custom_margin=&#8221;0px||0px||false|false&#8221; custom_padding=&#8221;0px||0px||false|false&#8221; global_colors_info=&#8221;{}&#8221;][\/et_pb_image][\/et_pb_column][\/et_pb_row][\/et_pb_section][et_pb_section fb_built=&#8221;1&#8243; _builder_version=&#8221;4.17.0&#8243; _module_preset=&#8221;default&#8221; background_color=&#8221;#303944&#8243; custom_margin=&#8221;||||false|false&#8221; custom_padding=&#8221;15px||15px||true|false&#8221; global_colors_info=&#8221;{}&#8221;][et_pb_row column_structure=&#8221;3_5,2_5&#8243; _builder_version=&#8221;4.17.0&#8243; _module_preset=&#8221;default&#8221; width=&#8221;100%&#8221; width_tablet=&#8221;100%&#8221; width_phone=&#8221;95%&#8221; width_last_edited=&#8221;on|phone&#8221; global_colors_info=&#8221;{}&#8221;][et_pb_column type=&#8221;3_5&#8243; _builder_version=&#8221;4.17.0&#8243; _module_preset=&#8221;default&#8221; global_colors_info=&#8221;{}&#8221;][et_pb_text _builder_version=&#8221;4.17.0&#8243; _module_preset=&#8221;default&#8221; text_font=&#8221;Montserrat|700|||||||&#8221; text_text_color=&#8221;#FFFFFF&#8221; text_font_size=&#8221;29px&#8221; custom_margin=&#8221;25px||16px||false|false&#8221; global_colors_info=&#8221;{}&#8221;]<\/p>\n<p>Le L\u00e9man Rose<\/p>\n<p>[\/et_pb_text][et_pb_text _builder_version=&#8221;4.17.0&#8243; _module_preset=&#8221;default&#8221; text_font=&#8221;Montserrat|500|||||||&#8221; text_text_color=&#8221;#FFFFFF&#8221; text_font_size=&#8221;18px&#8221; text_font_size_tablet=&#8221;18px&#8221; text_font_size_phone=&#8221;15px&#8221; text_font_size_last_edited=&#8221;on|phone&#8221; global_colors_info=&#8221;{}&#8221;]<\/p>\n<p>Outre les objectifs financiers largement obtenus en faveur des clubs &#8220;Ramer en Rose&#8221;, ce film illustre parfaitement le d\u00e9fi hors norme r\u00e9alis\u00e9 \u00e0 la rame (160 kms en 2 jours) avec un groupe de femmes op\u00e9r\u00e9es d&#8217;un cancer du sein.<\/p>\n<p>Ce challenge est un vrai symbole de d\u00e9passement de soi, de solidarit\u00e9 et de courage \u00e0 travers le temps. Nous poursuivrons ce m\u00eame \u00e9lan en Juin 2023 sur le lac de Neuch\u00e2tel avec pas moins de 90 kms sur 1 jour.<\/p>\n<p>[\/et_pb_text][\/et_pb_column][et_pb_column type=&#8221;2_5&#8243; _builder_version=&#8221;4.17.0&#8243; _module_preset=&#8221;default&#8221; global_colors_info=&#8221;{}&#8221;][et_pb_video src=&#8221;https:\/\/youtu.be\/ulv8BJBsvUM&#8221; _builder_version=&#8221;4.17.0&#8243; _module_preset=&#8221;default&#8221; border_radii=&#8221;on|20px|20px|20px|20px&#8221; box_shadow_style=&#8221;preset1&#8243; global_colors_info=&#8221;{}&#8221;][\/et_pb_video][\/et_pb_column][\/et_pb_row][\/et_pb_section][et_pb_section fb_built=&#8221;1&#8243; _builder_version=&#8221;4.17.0&#8243; _module_preset=&#8221;default&#8221; background_color=&#8221;#FFFFFF&#8221; custom_margin=&#8221;||||false|false&#8221; custom_padding=&#8221;15px||15px||true|false&#8221; global_colors_info=&#8221;{}&#8221;][et_pb_row column_structure=&#8221;2_5,3_5&#8243; _builder_version=&#8221;4.17.0&#8243; _module_preset=&#8221;default&#8221; width=&#8221;100%&#8221; width_tablet=&#8221;100%&#8221; width_phone=&#8221;95%&#8221; width_last_edited=&#8221;on|phone&#8221; global_colors_info=&#8221;{}&#8221;][et_pb_column type=&#8221;2_5&#8243; _builder_version=&#8221;4.17.0&#8243; _module_preset=&#8221;default&#8221; global_colors_info=&#8221;{}&#8221;][et_pb_video src=&#8221;https:\/\/youtu.be\/VIVWtU-MC-c&#8221; disabled_on=&#8221;on|on|off&#8221; _builder_version=&#8221;4.17.0&#8243; _module_preset=&#8221;default&#8221; border_radii=&#8221;on|20px|20px|20px|20px&#8221; box_shadow_style=&#8221;preset1&#8243; global_colors_info=&#8221;{}&#8221;][\/et_pb_video][\/et_pb_column][et_pb_column type=&#8221;3_5&#8243; _builder_version=&#8221;4.17.0&#8243; _module_preset=&#8221;default&#8221; global_colors_info=&#8221;{}&#8221;][et_pb_text _builder_version=&#8221;4.17.0&#8243; _module_preset=&#8221;default&#8221; text_font=&#8221;Montserrat|700|||||||&#8221; text_text_color=&#8221;#303944&#8243; text_font_size=&#8221;29px&#8221; custom_margin=&#8221;25px||16px||false|false&#8221; global_colors_info=&#8221;{}&#8221;]<\/p>\n<p>Neuch&#8217;en Rose<\/p>\n<p>[\/et_pb_text][et_pb_text _builder_version=&#8221;4.17.0&#8243; _module_preset=&#8221;default&#8221; text_font=&#8221;Montserrat|500|||||||&#8221; text_text_color=&#8221;#303944&#8243; text_font_size=&#8221;18px&#8221; text_font_size_tablet=&#8221;18px&#8221; text_font_size_phone=&#8221;15px&#8221; text_font_size_last_edited=&#8221;on|phone&#8221; global_colors_info=&#8221;{}&#8221;]<\/p>\n<div class=\"textLayer\">\n<p><span class=\"markedContent\" id=\"page50R_mcid153\"><span class=\"markedContent\" id=\"page50R_mcid178\"><span class=\"markedContent\" id=\"page50R_mcid180\"><span class=\"markedContent\" id=\"page50R_mcid188\"><span role=\"presentation\" dir=\"ltr\">Nouveau<\/span><span class=\"markedContent\"><span role=\"presentation\" dir=\"ltr\"> <\/span><span role=\"presentation\" dir=\"ltr\">fi<\/span><\/span><span role=\"presentation\" dir=\"ltr\">lm sur la promotion du programme d&#8217;aviron sant\u00e9 \u00ab Ramer en Rose \u00bb cette fois-ci sur <\/span><\/span><span class=\"markedContent\" id=\"page50R_mcid189\"><span role=\"presentation\" dir=\"ltr\">le lac de Neuch\u00e2tel, apr\u00e8s le grand succ\u00e8s du challenge \u00ab Le L\u00e9man en Rose \u00bb de Septembre <\/span><\/span><span class=\"markedContent\" id=\"page50R_mcid190\"><span role=\"presentation\" dir=\"ltr\">2021.<\/span><\/span><\/span><\/span><\/span><\/p>\n<p><span class=\"markedContent\" id=\"page50R_mcid153\"><span class=\"markedContent\" id=\"page50R_mcid178\"><span class=\"markedContent\" id=\"page50R_mcid180\"><span class=\"markedContent\" id=\"page50R_mcid190\"><span role=\"presentation\" dir=\"ltr\"> Suivez cette nouvelle et belle aventure le 10 Juin 2023 !!<\/span><\/span><\/span><\/span><\/span><span class=\"markedContent\" id=\"page50R_mcid191\"><br role=\"presentation\" \/><br \/><\/span><\/p>\n<div class=\"endOfContent\"><\/div>\n<\/div>\n<div class=\"annotationLayer\">\n<section data-annotation-id=\"55R\" class=\"linkAnnotation\"><\/section>\n<\/div>\n<p>[\/et_pb_text][et_pb_video src=&#8221;https:\/\/youtu.be\/VIVWtU-MC-c&#8221; disabled_on=&#8221;off|off|on&#8221; _builder_version=&#8221;4.17.0&#8243; _module_preset=&#8221;default&#8221; border_radii=&#8221;on|20px|20px|20px|20px&#8221; box_shadow_style=&#8221;preset1&#8243; global_colors_info=&#8221;{}&#8221;][\/et_pb_video][\/et_pb_column][\/et_pb_row][\/et_pb_section]<\/p>\n","protected":false},"excerpt":{"rendered":"<p>Qui suis-je ?Issue d\u2019un Master en Gestion des Risques sur France (Bretagne) et de nombreuses exp\u00e9riences sportives internationales : championnats de monde d\u2019aviron de mer 2019 (Finale A), 5e au g\u00e9n\u00e9ral en solo de mer aux championnats de France 2023. \u00c9preuve longue distance 160 kms \u00e0 la rame contre le cancer du sein sur le [&hellip;]<\/p>\n","protected":false},"author":1,"featured_media":0,"parent":0,"menu_order":0,"comment_status":"closed","ping_status":"closed","template":"","meta":{"_et_pb_use_builder":"on","_et_pb_old_content":"","_et_gb_content_width":"","footnotes":""},"class_list":["post-115","page","type-page","status-publish","hentry"],"_links":{"self":[{"href":"https:\/\/elis-coaching.com\/index.php?rest_route=\/wp\/v2\/pages\/115","targetHints":{"allow":["GET"]}}],"collection":[{"href":"https:\/\/elis-coaching.com\/index.php?rest_route=\/wp\/v2\/pages"}],"about":[{"href":"https:\/\/elis-coaching.com\/index.php?rest_route=\/wp\/v2\/types\/page"}],"author":[{"embeddable":true,"href":"https:\/\/elis-coaching.com\/index.php?rest_route=\/wp\/v2\/users\/1"}],"replies":[{"embeddable":true,"href":"https:\/\/elis-coaching.com\/index.php?rest_route=%2Fwp%2Fv2%2Fcomments&post=115"}],"version-history":[{"count":20,"href":"https:\/\/elis-coaching.com\/index.php?rest_route=\/wp\/v2\/pages\/115\/revisions"}],"predecessor-version":[{"id":440,"href":"https:\/\/elis-coaching.com\/index.php?rest_route=\/wp\/v2\/pages\/115\/revisions\/440"}],"wp:attachment":[{"href":"https:\/\/elis-coaching.com\/index.php?rest_route=%2Fwp%2Fv2%2Fmedia&parent=115"}],"curies":[{"name":"wp","href":"https:\/\/api.w.org\/{rel}","templated":true}]}}

<p>[et_pb_section fb_built=&#8221;1&#8243; _builder_version=&#8221;4.17.0&#8243; _module_preset=&#8221;default&#8221; custom_padding=&#8221;15px||15px||true|false&#8221; bottom_divider_height=&#8221;60px&#8221; bottom_divider_flip=&#8221;horizontal&#8221; global_colors_info=&#8221;{}&#8221;][et_pb_row column_structure=&#8221;1_3,2_3&#8243; make_equal=&#8221;on&#8221; _builder_version=&#8221;4.17.0&#8243; _module_preset=&#8221;default&#8221; width=&#8221;100%&#8221; width_tablet=&#8221;100%&#8221; width_phone=&#8221;95%&#8221; width_last_edited=&#8221;on|phone&#8221; global_colors_info=&#8221;{}&#8221;][et_pb_column type=&#8221;1_3&#8243; _builder_version=&#8221;4.17.0&#8243; _module_preset=&#8221;default&#8221; background_image=&#8221;http://elis-coaching.com/wp-content/uploads/2023/03/elis.jpg&#8221; background_position=&#8221;top_center&#8221; border_radii=&#8221;on|30px|30px|30px|30px&#8221; box_shadow_style=&#8221;preset1&#8243; global_colors_info=&#8221;{}&#8221;][et_pb_text disabled_on=&#8221;off|off|on&#8221; _builder_version=&#8221;4.17.0&#8243; _module_preset=&#8221;default&#8221; custom_margin=&#8221;400px||400px||true|false&#8221; global_colors_info=&#8221;{}&#8221;][/et_pb_text][/et_pb_column][et_pb_column type=&#8221;2_3&#8243; _builder_version=&#8221;4.17.0&#8243; _module_preset=&#8221;default&#8221; global_colors_info=&#8221;{}&#8221;][et_pb_text _builder_version=&#8221;4.17.0&#8243; _module_preset=&#8221;default&#8221; text_font=&#8221;Montserrat|700|||||||&#8221; text_text_color=&#8221;#303944&#8243; text_font_size=&#8221;29px&#8221; custom_margin=&#8221;||21px|||&#8221; global_colors_info=&#8221;{}&#8221;]</p>
<p>Qui suis-je ?</p>
<p>[/et_pb_text][et_pb_text _builder_version=&#8221;4.17.0&#8243; _module_preset=&#8221;default&#8221; text_font=&#8221;Montserrat||||||||&#8221; text_text_color=&#8221;#000000&#8243; text_font_size=&#8221;16px&#8221; link_font=&#8221;||||on||||&#8221; link_text_color=&#8221;#303944&#8243; custom_margin=&#8221;||0px||false|false&#8221; text_font_size_tablet=&#8221;16px&#8221; text_font_size_phone=&#8221;15px&#8221; text_font_size_last_edited=&#8221;on|phone&#8221; global_colors_info=&#8221;{}&#8221;]</p>
<p>Issue d’un Master en Gestion des Risques sur France (Bretagne) et de nombreuses expériences sportives internationales : championnats de monde d’aviron de mer 2019 (Finale A), 5e au général en solo de mer aux championnats de France 2023. Épreuve longue distance 160 kms à la rame contre le cancer du sein sur le lac Léman en 2021.</p>
<p>Parlant français, anglais et espagnol, j’ai choisi d’associer <strong>performance physique, nutrition, posturologie &amp; bien-être </strong>en devenant préparateur physique sur de nombreuses disciplines sportives (aviron, ski, course à pied, natation, tennis, etc).</p>
<p>Formée et certifiée par <a href="https://pt-coaching-academy.ch/">PT Coaching Academy</a>* en Janvier 2023 comme Personal Trainer (spécialité Endurance et Micronutrition), en tant que compétitrice sportive active je suis là pour vous proposer une planification sur mesure (semaine, mois, saison).</p>
<p>*leader suisse aux labels de qualité Eduqua et EREPS</p>
<p>Mon but est de vous apporter les <strong>meilleurs ingrédients</strong> pour vous aider à atteindre vos objectifs tout en travaillant sur 5 qualités physiques : endurance, force, vitesse, souplesse et coordination.</p>
<p>En bref, mes mots-clés en tant que coach :</p>
<p>[/et_pb_text][et_pb_image src=&#8221;http://elis-coaching.com/wp-content/uploads/2023/04/brush33.png&#8221; _builder_version=&#8221;4.17.0&#8243; _module_preset=&#8221;default&#8221; width=&#8221;100%&#8221; module_alignment=&#8221;center&#8221; custom_margin=&#8221;0px||0px||false|false&#8221; custom_padding=&#8221;0px||0px||false|false&#8221; global_colors_info=&#8221;{}&#8221;][/et_pb_image][/et_pb_column][/et_pb_row][/et_pb_section][et_pb_section fb_built=&#8221;1&#8243; _builder_version=&#8221;4.17.0&#8243; _module_preset=&#8221;default&#8221; background_color=&#8221;#303944&#8243; custom_margin=&#8221;||||false|false&#8221; custom_padding=&#8221;15px||15px||true|false&#8221; global_colors_info=&#8221;{}&#8221;][et_pb_row column_structure=&#8221;3_5,2_5&#8243; _builder_version=&#8221;4.17.0&#8243; _module_preset=&#8221;default&#8221; width=&#8221;100%&#8221; width_tablet=&#8221;100%&#8221; width_phone=&#8221;95%&#8221; width_last_edited=&#8221;on|phone&#8221; global_colors_info=&#8221;{}&#8221;][et_pb_column type=&#8221;3_5&#8243; _builder_version=&#8221;4.17.0&#8243; _module_preset=&#8221;default&#8221; global_colors_info=&#8221;{}&#8221;][et_pb_text _builder_version=&#8221;4.17.0&#8243; _module_preset=&#8221;default&#8221; text_font=&#8221;Montserrat|700|||||||&#8221; text_text_color=&#8221;#FFFFFF&#8221; text_font_size=&#8221;29px&#8221; custom_margin=&#8221;25px||16px||false|false&#8221; global_colors_info=&#8221;{}&#8221;]</p>
<p>Le Léman Rose</p>
<p>[/et_pb_text][et_pb_text _builder_version=&#8221;4.17.0&#8243; _module_preset=&#8221;default&#8221; text_font=&#8221;Montserrat|500|||||||&#8221; text_text_color=&#8221;#FFFFFF&#8221; text_font_size=&#8221;18px&#8221; text_font_size_tablet=&#8221;18px&#8221; text_font_size_phone=&#8221;15px&#8221; text_font_size_last_edited=&#8221;on|phone&#8221; global_colors_info=&#8221;{}&#8221;]</p>
<p>Outre les objectifs financiers largement obtenus en faveur des clubs &#8220;Ramer en Rose&#8221;, ce film illustre parfaitement le défi hors norme réalisé à la rame (160 kms en 2 jours) avec un groupe de femmes opérées d&#8217;un cancer du sein.</p>
<p>Ce challenge est un vrai symbole de dépassement de soi, de solidarité et de courage à travers le temps. Nous poursuivrons ce même élan en Juin 2023 sur le lac de Neuchâtel avec pas moins de 90 kms sur 1 jour.</p>
<p>[/et_pb_text][/et_pb_column][et_pb_column type=&#8221;2_5&#8243; _builder_version=&#8221;4.17.0&#8243; _module_preset=&#8221;default&#8221; global_colors_info=&#8221;{}&#8221;][et_pb_video src=&#8221;https://youtu.be/ulv8BJBsvUM&#8221; _builder_version=&#8221;4.17.0&#8243; _module_preset=&#8221;default&#8221; border_radii=&#8221;on|20px|20px|20px|20px&#8221; box_shadow_style=&#8221;preset1&#8243; global_colors_info=&#8221;{}&#8221;][/et_pb_video][/et_pb_column][/et_pb_row][/et_pb_section][et_pb_section fb_built=&#8221;1&#8243; _builder_version=&#8221;4.17.0&#8243; _module_preset=&#8221;default&#8221; background_color=&#8221;#FFFFFF&#8221; custom_margin=&#8221;||||false|false&#8221; custom_padding=&#8221;15px||15px||true|false&#8221; global_colors_info=&#8221;{}&#8221;][et_pb_row column_structure=&#8221;2_5,3_5&#8243; _builder_version=&#8221;4.17.0&#8243; _module_preset=&#8221;default&#8221; width=&#8221;100%&#8221; width_tablet=&#8221;100%&#8221; width_phone=&#8221;95%&#8221; width_last_edited=&#8221;on|phone&#8221; global_colors_info=&#8221;{}&#8221;][et_pb_column type=&#8221;2_5&#8243; _builder_version=&#8221;4.17.0&#8243; _module_preset=&#8221;default&#8221; global_colors_info=&#8221;{}&#8221;][et_pb_video src=&#8221;https://youtu.be/VIVWtU-MC-c&#8221; disabled_on=&#8221;on|on|off&#8221; _builder_version=&#8221;4.17.0&#8243; _module_preset=&#8221;default&#8221; border_radii=&#8221;on|20px|20px|20px|20px&#8221; box_shadow_style=&#8221;preset1&#8243; global_colors_info=&#8221;{}&#8221;][/et_pb_video][/et_pb_column][et_pb_column type=&#8221;3_5&#8243; _builder_version=&#8221;4.17.0&#8243; _module_preset=&#8221;default&#8221; global_colors_info=&#8221;{}&#8221;][et_pb_text _builder_version=&#8221;4.17.0&#8243; _module_preset=&#8221;default&#8221; text_font=&#8221;Montserrat|700|||||||&#8221; text_text_color=&#8221;#303944&#8243; text_font_size=&#8221;29px&#8221; custom_margin=&#8221;25px||16px||false|false&#8221; global_colors_info=&#8221;{}&#8221;]</p>
<p>Neuch&#8217;en Rose</p>
<p>[/et_pb_text][et_pb_text _builder_version=&#8221;4.17.0&#8243; _module_preset=&#8221;default&#8221; text_font=&#8221;Montserrat|500|||||||&#8221; text_text_color=&#8221;#303944&#8243; text_font_size=&#8221;18px&#8221; text_font_size_tablet=&#8221;18px&#8221; text_font_size_phone=&#8221;15px&#8221; text_font_size_last_edited=&#8221;on|phone&#8221; global_colors_info=&#8221;{}&#8221;]</p>
<div class="textLayer">
<p><span class="markedContent" id="page50R_mcid153"><span class="markedContent" id="page50R_mcid178"><span class="markedContent" id="page50R_mcid180"><span class="markedContent" id="page50R_mcid188"><span role="presentation" dir="ltr">Nouveau</span><span class="markedContent"><span role="presentation" dir="ltr"> </span><span role="presentation" dir="ltr">fi</span></span><span role="presentation" dir="ltr">lm sur la promotion du programme d&#8217;aviron santé « Ramer en Rose » cette fois-ci sur </span></span><span class="markedContent" id="page50R_mcid189"><span role="presentation" dir="ltr">le lac de Neuchâtel, après le grand succès du challenge « Le Léman en Rose » de Septembre </span></span><span class="markedContent" id="page50R_mcid190"><span role="presentation" dir="ltr">2021.</span></span></span></span></span></p>
<p><span class="markedContent" id="page50R_mcid153"><span class="markedContent" id="page50R_mcid178"><span class="markedContent" id="page50R_mcid180"><span class="markedContent" id="page50R_mcid190"><span role="presentation" dir="ltr"> Suivez cette nouvelle et belle aventure le 10 Juin 2023 !!</span></span></span></span></span><span class="markedContent" id="page50R_mcid191"><br role="presentation" /><br /></span></p>
<div class="endOfContent"></div>
</div>
<div class="annotationLayer">
<section data-annotation-id="55R" class="linkAnnotation"></section>
</div>
<p>[/et_pb_text][et_pb_video src=&#8221;https://youtu.be/VIVWtU-MC-c&#8221; disabled_on=&#8221;off|off|on&#8221; _builder_version=&#8221;4.17.0&#8243; _module_preset=&#8221;default&#8221; border_radii=&#8221;on|20px|20px|20px|20px&#8221; box_shadow_style=&#8221;preset1&#8243; global_colors_info=&#8221;{}&#8221;][/et_pb_video][/et_pb_column][/et_pb_row][/et_pb_section]</p>

<p>Qui suis-je ?Issue d’un Master en Gestion des Risques sur France (Bretagne) et de nombreuses expériences sportives internationales : championnats de monde d’aviron de mer 2019 (Finale A), 5e au général en solo de mer aux championnats de France 2023. Épreuve longue distance 160 kms à la rame contre le cancer du sein sur le [&hellip;]</p>
